01 a multiple of 54?
False
Is 29 a factor of 36154559?
False
Does 317 divide 1389660855?
False
Is 9038149 a multiple of 7?
False
Is 75 a factor of 651490275?
True
Does 14922 divide 2775342780?
True
Is 1095943 a multiple of 9?
False
Does 833 divide 250969531?
False
Does 319 divide 8311864?
True
Is 93 a factor of 2150319?
False
Is 289 a factor of 19066775?
True
Is 219524550 a multiple of 25?
True
Is 32764428 a multiple of 4?
True
Does 20 divide 49352883?
False
Does 183 divide 12887226?
True
Does 10 divide 83184364?
False
Is 5645813 a multiple of 6003?
False
Does 5472 divide 2049478134?
False
Is 113 a factor of 347244996?
False
Does 526 divide 188086028?
True
Does 62 divide 40506056?
False
Is 7595084 a multiple of 35?
False
Is 26 a factor of 40102303?
False
Is 72782470 a multiple of 16?
False
Does 93 divide 137149625?
False
Does 10 divide 109751050?
True
Is 821210033 a multiple of 5060?
False
Does 1511 divide 20152207?
True
Is 96503030 a multiple of 1485?
False
Does 154 divide 47618719?
False
Is 47935781 a multiple of 439?
False
Is 79377088 a multiple of 20?
False
Is 161 a factor of 145883303?
False
Is 34504938 a multiple of 1380?
False
Is 62835054 a multiple of 662?
True
Does 996 divide 26888650?
False
Is 997222730 a multiple of 850?
False
Does 14 divide 252920683?
False
Does 35 divide 221811673?
False
Is 12372692 even?
True
Is 101731110 a multiple of 130?
True
Is 5 a factor of 79117680?
True
Is 75388666 a multiple of 262?
True
Does 31 divide 30361524?
True
Is 321067640 a multiple of 72?
False
Is 121448857 a multiple of 211?
True
Is 330 a factor of 97686600?
True
Is 13 a factor of 1850718470?
False
Does 769 divide 1104256387?
False
Is 29911340 a multiple of 39?
False
Is 6851663809 a multiple of 3331?
True
Is 13 a factor of 2448979520?
True
Does 45 divide 75763359?
False
Is 93914199 a multiple of 127?
False
Is 321157452 a multiple of 10563?
True
Does 8 divide 2416659880?
True
Is 752603775 a multiple of 1925?
True
Does 377 divide 182858949?
True
Does 2970 divide 264989340?
True
Does 544 divide 7877120?
True
Is 33477488 a multiple of 11?
True
Is 388812072 a multiple of 167?
True
Does 32 divide 1332235096?
False
Does 3 divide 106332200?
False
Is 70677960 a multiple of 7390?
True
Is 1787016 a multiple of 77?
True
Does 197 divide 269335914?
False
Is 277392476 a multiple of 318?
False
Does 27 divide 107440614?
True
Does 50 divide 1040114348?
False
Is 2655510 a multiple of 6?
True
Does 6 divide 8468328?
True
Does 423 divide 2117115?
True
Does 21 divide 1237064687?
False
Is 1674 a factor of 285487308?
True
Is 271009059 a multiple of 3?
True
Is 1174645588 a multiple of 16?
False
Does 2859 divide 120049410?
True
Is 6 a factor of 19486217?
False
Is 20955648 a multiple of 1536?
True
Is 627 a factor of 6340224?
True
Is 20505215 a multiple of 185?
True
Is 160677683 a multiple of 19?
False
Does 14 divide 112847098?
True
Does 325 divide 1178463000?
True
Does 28 divide 433233948?
True
Does 31 divide 28415530?
True
Is 13538144 a multiple of 9?
False
Does 30 divide 640478?
False
Is 45293220 a multiple of 1047?
True
Is 977050643 a multiple of 243?
False
Is 960 a factor of 533839680?
True
Is 4089801520 a multiple of 85?
True
Is 33084124 even?
True
Is 26 a factor of 46214519?
False
Is 1723513 a multiple of 4?
False
Is 11 a factor of 2410912807?
False
Is 30384829 a multiple of 50?
False
Is 11 a factor of 81009920?
False
Is 17 a factor of 30620519?
True
Is 28808502 a multiple of 11?
False
Does 15 divide 768806524?
False
Is 269105815 a multiple of 11?
True
Is 117944006 a multiple of 326?
False
Is 14 a factor of 22913002?
True
Is 1593190603 a multiple of 29?
True
Is 19 a factor of 1577847761?
True
Is 50861595 a multiple of 584?
False
Does 58 divide 69448272?
True
Does 312 divide 2103261012?
False
Does 32 divide 940352?
True
Does 15 divide 685123203?
False
Is 713331036 a multiple of 852?
True
Is 1003428290 a multiple of 10?
True
Is 3911599782 a multiple of 2979?
True
Is 229 a factor of 58452385?
False
Is 21879320 a multiple of 11?
False
Is 634 a factor of 2437584814?
True
Is 35 a factor of 4670085?
True
Does 53 divide 51758094?
False
Does 184 divide 110178578?
False
Is 45140612 a multiple of 208?
False
Does 13 divide 84435462?
False
Is 2651 a factor of 2001330038?
False
Is 14 a factor of 2388809686?
False
Does 17 divide 26656663?
True
Does 6 divide 1417335?
False
Is 829 a factor of 1673751?
True
Is 3150 a factor of 211166550?
True
Does 55 divide 21104548?
False
Is 1740576 a multiple of 24?
True
Is 2815 a factor of 43586515?
False
Is 5402 a factor of 2548980096?
False
Is 1022873591 a multiple of 12?
False
Is 131031978 a multiple of 98?
True
Does 221 divide 47415108?
True
Is 73050631 a multiple of 65?
False
Is 115832653 a multiple of 24?
False
Is 28 a factor of 106967224?
True
Does 783 divide 12689298?
True
Does 13 divide 21922142?
False
Does 578 divide 172093720?
True
Does 3 divide 96349907?
False
Is 9638087 a multiple of 8?
False
Is 10392642 a multiple of 69?
True
Is 178284678 a multiple of 1122?
True
Does 36 divide 1770060824?
False
Does 585 divide 13242239?
False
Does 306 divide 619899258?
False
Is 132463071 a multiple of 7?
False
Is 1314 a factor of 798858?
False
Is 1339645104 a multiple of 168?
True
Is 33072179 a multiple of 1489?
True
Does 313 divide 93992612?
False
Does 192 divide 59561664?
True
Does 10 divide 2165670890?
True
Is 42 a factor of 74300058?
True
Does 12 divide 5752797?
False
Does 141 divide 1264387239?
False
Does 308 divide 14723662?
False
Is 24782820 a multiple of 435?
True
Is 15658855 a multiple of 384?
False
Is 19 a factor of 565302340?
False
Is 261 a factor of 141383439?
True
Does 132 divide 55668419?
False
Is 33 a factor of 19551279?
True
Is 2582 a factor of 248935784?
True
Does 188 divide 122374652?
True
Is 22021455 a multiple of 295?
True
Is 7 a factor of 30193794?
False
Is 132426624 a multiple of 22?
True
Is 1216320 a multiple of 91?
False
Is 64 a factor of 154338112?
True
Does 1005 divide 1369809975?
True
Does 14 divide 78413286?
True
Does 1815 divide 2766575460?
True
Does 2 divide 67246151?
False
Is 537 a factor of 75276046?
False
Does 78 divide 38918178?
True
Is 1728 a factor of 32600004?
False
Is 1694 a factor of 113360240?
False
Is 69 a factor of 81031461?
True
Does 410 divide 276315731?
False
Is 23 a factor of 529904559?
False
Is 124295379 a multiple of 3624?
False
Is 159 a factor of 907863812?
False
Is 84439759 a multiple of 9?
False
Is 11723399 a multiple of 139?
True
Is 2019906793 a multiple of 304?
False
Is 151 a factor of 60390638?
True
Is 93 a factor of 30406257?
True
Does 16 divide 3344528880?
True
Does 107 divide 18430945?
False
Is 521 a factor of 109397216?
False
Is 821 a factor of 125207426?
True
Is 211096371 a multiple of 44?
False
Does 37 divide 140599778?
True
Is 6 a factor of 3219749?
False
Does 362 divide 94150026?
False
Is 341800 a multiple of 55?
False
Is 46 a factor of 68774417?
False
Is 1002009085 a multiple of 2281?
True
Does 946 divide 4936228?
True
Does 1310 divide 13872091?
False
Does 2792 divide 2676550800?
True
Does 753 divide 11790474?
True
Is 9 a factor of 230026031?
False
Is 355 a factor of 80229645?
True
Is 1533 a factor of 16419963?
True
Does 124 divide 427290065?
False
Does 67 divide 6779921084?
True
Is 687 a factor of 29741604?
True
Does 14 divide 27492976?
True
Is 19 a factor of 737276937?
False
Is 706 a factor of 125226750?
True
Does 15 divide 791751166?
False
Does 472 divide 84671136?
True
Does 773 divide 859492516?
True
Does 3976 divide 39648672?
True
Is 9774980 a multiple of 105?
False
Does 113 divide 87086614?
True
Does 181 divide 250805184?
True
Is 118572804 a multiple of 9?
True
Is 24 a factor of 14061336?
True
Does 33 divide 317937708?
True
Does 30 divide 85132003?
False
Does 29 divide 105628295?
True
Does 694 divide 48047702?
True
Is 4382996426 a multiple of 17?
False
Is 77 a factor of 10290647?
False
Is 1344 a factor of 117653760?
True
Is 431 a factor of 132123198?
False
Does 51 divide 75000158?
False
Does 703 divide 56930191?
False
Does 3 divide 31450302?
True
Does 33 divide 51743602?
False
Is 509 a factor of 28420941?
False
Is 408623292 a multiple of 66?
True
Is 568 a factor of 234303308?
False
Does 82 divide 332534682?
True
Is 231147862 a multiple of 1133?
True
Does 10 divide 14040918?
Fal